is divided by (-314)/(-3) + -3 + (-30)/(-9).
5
Suppose 4*z - 337 - 46 = 717. Calculate the remainder when z is divided by 159.
116
Let o = -5309 + 5634. What is the remainder when o is divided by 74?
29
Let s = -59 - -82. Suppose 0 = -s*b + 24*b - 1. Let k = 8 - b. What is the remainder when 27 is divided by k?
6
Let z = 47 + -24. Suppose q = -2*x - 8 + 23, 2*q + 15 = x. Let s(r) = -r**2 + 16*r - 48. What is the remainder when z is divided by s(x)?
8
Let y = 10 + -4. Calculate the remainder when (-5 - -3)/((-3)/6) - 5112/(-142) is divided by y.
4
Let t(d) = -2*d**3 + 4*d**2 - 6*d + 6. Let r be t(3). Calculate the remainder when 121 + (18/15)/((-9)/r) is divided by 8.
5
Let j = -270 - -278. Suppose 204*u = 194*u + 290. What is the remainder when u is divided by j?
5
Let s(z) = z**3 - 82*z**2 - 77*z - 351. What is the remainder when 279 is divided by s(83)?
132
Let o(p) = -53*p**2 + 22*p + 94. Let c(x) = -x**3 - 159*x**2 + 66*x + 281. Let d(y) = 2*c(y) - 7*o(y). What is the remainder when 91 is divided by d(26)?
3
Let b(s) = -2*s + 5*s + 7*s**2 - 10 - 129*s**3 + 128*s**3. What is the remainder when 802 is divided by b(3)?
32
Let p be (2 - -1)*(-12)/(-18). Suppose -p*w - 22 = -3*w. Suppose -3*q + 3*s + 5 + 7 = 0, -s = -1. Calculate the remainder when w is divided by q.
2
Suppose 6*p = 20*p - 18*p + 48. Calculate the remainder when 12275 is divided by p.
11
Suppose -c = 2*c - 69. Let y = 124 - -86. Suppose 15*n + y = 20*n. Calculate the remainder when n is divided by c.
19
Let i(s) = 3*s + 2. Let t(a) = -2*a + 1 + 3*a + 0*a + 3*a. Let d(l) = 3*i(l) - 2*t(l). What is the remainder when 42 is divided by d(1)?
2
Suppose -3*d + 33 = -75. Calculate the remainder when 1/(((-3)/(-8))/(108/36)) + 93 is divided by d.
29
Let t(h) = 2*h**3 + 2*h**2 - 4*h + 3. Let v(c) = 8751*c**2 + 0*c + 6*c - 8752*c**2 + 52. What is the remainder when v(8) is divided by t(2)?
17
Let l(j) = j**3 - j - 4. Let g be l(0). Let v(c) = -c - 5. Let b be v(-7). Calculate the remainder when b*(-18)/g*10 is divided by 31.
28
Calculate the remainder when 3788 is divided by 5*(-757)/(-3) - (8 + 275/(-33)).
2
Let y(x) = x + 114. Let w(k) = -k - 55. Let s(l) = -7*w(l) - 3*y(l). What is the remainder when s(-5) is divided by (-4)/10 - 124/(-10)?
11
Let v be 1770/10*(1 - -8). What is the remainder when 2/6 + v/81 is divided by 7?
6
Suppose -u - 564 = u - 2764. What is the remainder when u is divided by 30?
20
What is the remainder when (-1 - 1)*48/120*-805 is divided by 11?
6
Suppose -6*j - 3*j = 0. Let i be -23 - -22 - (1 - (j + 0)). What is the remainder when (-1305)/(-63) + i/(-7) is divided by 13?
8
Suppose 0 = 50*h + 1362 - 25312. Calculate the remainder when h is divided by 80.
79
Let o(z) = -z**3 - 10*z**2 + 52*z - 30. Let w be o(-14). Suppose -k = s - 10, 5*k - 2*s = s + w. Calculate the remainder when 38*((-4)/(-2))/4 is divided by k.
5
Suppose -85*t + 18*t = -12127. Calculate the remainder when 708 is divided by t.
165
Let j(b) = -b**3 + 17*b**2 - 16*b - 3. Let g be j(16). Let t be (-6)/g + -2 + -4. What is the remainder when (t - -1)*-1 - -1*76 is divided by 16?
15
Let g = -139 - -356. Let p = g - 135. Let f = 25 - -17. What is the remainder when p is divided by f?
40
Let h be (10/(-8))/((-1)/(-4)). What is the remainder when 1 + 39/(-45) + (21 - (-5093)/165) is divided by (14 + -2)*h/(-4)?
7
Suppose -3715*p = -3725*p + 830. Calculate the remainder when 742 is divided by p.
78
Let k = -60 - -60. Let z be 1 - k - (3 - 5). Suppose -6*y + 260 = 5*f - z*y, -175 = -3*f + 2*y. What is the remainder when f is divided by 12?
7
Let x(n) = -2*n - 10. Let g(i) be the second derivative of -2*i**4/3 + i**3/6 + 15*i. Let t be g(-1). What is the remainder when 45 is divided by x(t)?
5
Suppose 53*l + 3525 = 27*l + 11247. Calculate the remainder when l is divided by 151.
146
Let p = -98 + 89. What is the remainder when 63 is divided by (-13 - p)*(2 + (-5 - -1))?
7
Suppose -9*r + 329 - 118 = 2*f, -3*r = -f + 83. What is the remainder when 125 is divided by f?
33
Suppose -5*i + 141*f - 143*f = -3228, -5*i - 4*f = -3236. What is the remainder when i is divided by 18?
14
Let i(m) = -m**2 - 2*m + 55. Let l = -215 + 121. Let j = l - -94. Calculate the remainder when 108 is divided by i(j).
53
Suppose -75*k = -4056 + 1206. Calculate the remainder when 2035 is divided by k.
21
Suppose 20 = 30*y - 280. Suppose 69 = 3*h + t, -4*t - 35 = -2*h - t. Calculate the remainder when h is divided by y.
2
Let u(q) = -2*q**3 - 86*q**2 - 168*q - 111. What is the remainder when u(-41) is divided by (-2)/(-13) - (-4439)/299?
8
Let y(x) = -3*x + 15. Let u be y(4). Let c be 73/(u/(-2 + -1)). Let q = 85 + c. What is the remainder when 20 is divided by q?
8
Let t be -1*(-220)/(-33)*24/(-5). Let h = -19 + t. Calculate the remainder when 49 is divided by h.
10
Let l be 0/((-4)/(2 + 2)). Suppose 17*h - 15*h + 52 = l. Let n = 43 + h. What is the remainder when 50 is divided by n?
16
Suppose -4*p + 61 = v, -p - 19 = 8*v + 20. Calculate the remainder when 932 is divided by p.
14
Suppose -45 - 47 = 4*k. Let i = k + 33. Let d = -422 - -460. What is the remainder when d is divided by i?
8
Suppose -5487*y + 5495*y = 256. Calculate the remainder when 316 is divided by y.
28
Let v be (1 - 0)*(10/(-5) - 84). Let g = -89 - v. Calculate the remainder when 50 is divided by 10/5*g/6*-19.
12
Suppose -6*d = 23221 - 23803. What is the remainder when 772 is divided by d?
93
Suppose 109*b + 669 = 112*b. What is the remainder when b is divided by 106?
11
Suppose -2815 + 1923 - 2180 = -24*w. What is the remainder when 367 is divided by w?
111
Let m = 229 + 64. Let s = m - 246. Calculate the remainder when s is divided by 4/6 - (-34)/3.
11
Let t = -247 + 54. Let i = t + 196. Suppose 0 = -q - 0*q + 8. Calculate the remainder when q is divided by i.
2
What is the remainder when 1013 is divided by (143/(-39) - -3)/((-4)/762)?
124
Suppose 0 = -r - 6 + 4, -2*k - 7*r - 12 = 0. Let q = -14 + 17. Calculate the remainder when q is divided by k.
0
Suppose 12*v = 13*v + 30. What is the remainder when 45 is divided by ((-160)/v)/((-8)/(-36))?
21
Let t(b) = -b**3 - 9*b**2 + 40*b + 63. Calculate the remainder when 8668 is divided by t(-12).
13
Let m(o) = -o**2 + 57*o - 800. Calculate the remainder when 33 is divided by m(27).
3
Let b = 1053 + -1032. Let y be (-34)/(-8) + (-12)/(-16). Suppose -4*i - 8*p + 28 = -3*p, 3*i + y*p - b = 0. Calculate the remainder when 26 is divided by i.
5
Let r(s) = -s**3 - 2*s**2 - 6*s - 7. Suppose 4*v + 4*q + 46 = 6*v, 0 = 5*v + 2*q - 79. Calculate the remainder when r(-5) is divided by v.
13
Let r(c) = c**3 + 34*c**2 - 180*c + 8. Suppose -38 = -3*n - 2*j, -2*n + 0*j - 5*j + 40 = 0. Calculate the remainder when r(5) is divided by (-16)/n*35/(-2).
27
Let u be (-4)/(-6) + 13140/54. Suppose -6*x + u = -2*x. Calculate the remainder when 243 is divided by x.
60
Suppose 4*i - 896 = -4*i. Suppose -96 = -13*q + i. What is the remainder when 95 is divided by q?
15
Let q(b) be the first derivative of -3*b**4/4 - 2*b**3/3 + b**2 - 58. What is the remainder when 19 is divided by q(-2)?
7
Suppose 2*u + 0*x - 347 = x, -2*u = 3*x - 335. Suppose 2*d - 5*n - u = -29, -2*n = -2*d + 152. Let o = -77 + d. Calculate the remainder when 10 is divided by o.
0
Suppose 22 = -2*t + m + m, 0 = -5*t + 2*m - 43. Let g be 0 - (-1 + (7 - 4))*-1. Let n = g - t. What is the remainder when 33 is divided by n?
6
Let o = -995 + 1003. Calculate the remainder when 837 is divided by o.
5
Let b(k) = 2*k**2 - 52*k - 114. What is the remainder when 475 is divided by b(29)?
55
Suppose 1 = -3*n + 13. Let r be 5/n - (-9)/12. Calculate the remainder when 56 is divided by (1/2)/(r/(-58))*-2.
27
What is the remainder when -89*(-12 - (-1040)/(-48)) + (-4)/(-6) is divided by 6?
3
Let q = -739 + 857. Calculate the remainder when 128 is divided by q.
10
Let t(x) = x**2 - 66*x + 1132. What is the remainder when 873 is divided by t(47)?
156
What is the remainder when 316 is divided by (-47475)/(-2025) + (-44)/18 + 2?
17
Suppose -26*w = -23*w + d - 1080, 748 = 2*w - 4*d. Calculate the remainder when 377 is divided by w.
15
Suppose -15*s + 350 = -329 - 116. Calculate the remainder when (3/2)/((-3)/(-160)) is divided by s.
27
What is the remainder when 143 is divided by (-14*(-7)/196